at is -13454 (base 7) in base 15?
-1145
What is -335 (base 12) in base 9?
-575
155 (base 15) to base 6
1225
-17637 (base 9) to base 7
-50344
Convert -11100213 (base 4) to base 8.
-52047
20310203 (base 4) to base 7
210224
-184 (base 10) to base 5
-1214
Convert 418a (base 13) to base 16.
236f
Convert 10013 (base 4) to base 12.
19b
Convert 25706 (base 10) to base 6.
315002
Convert -2301 (base 14) to base 8.
-13675
6087 (base 12) to base 6
120251
Convert -1a13 (base 12) to base 10.
-3183
Convert -b4 (base 16) to base 5.
-1210
Convert 52515 (base 6) to base 13.
3305
Convert 40326 (base 8) to base 9.
24682
-110010001110 (base 2) to base 12
-1a3a
-2125 (base 7) to base 10
-754
Convert -102100 (base 3) to base 8.
-462
Convert -23670 (base 10) to base 9.
-35420
-30304 (base 10) to base 12
-15654
1123323 (base 4) to base 8
13373
1201211 (base 4) to base 15
1cb5
Convert ad9c (base 16) to base 3.
2020222002
What is 477 (base 12) in base 16?
29b
-144d (base 14) to base 4
-320031
193a (base 15) to base 5
133310
Convert -10001011001011 (base 2) to base 9.
-13186
What is 428 (base 15) in base 4?
32222
374 (base 9) to base 5
2220
What is 31a (base 12) in base 2?
111000110
Convert -1a8 (base 13) to base 7.
-616
Convert -75 (base 16) to base 7.
-225
152d4 (base 14) to base 15
10944
Convert 1662 (base 9) to base 15.
59b
Convert 42a (base 15) to base 16.
3ac
Convert -2685 (base 13) to base 4.
-1112031
-2102310 (base 4) to base 12
-5530
Convert 26743 (base 8) to base 2.
10110111100011
Convert bd9 (base 16) to base 14.
1169
-8c0 (base 14) to base 11
-1339
What is -1002210 (base 3) in base 15?
-389
Convert 513 (base 8) to base 15.
171
25788 (base 9) to base 2
100010000000110
What is -63056 (base 8) in base 5?
-1314113
What is 101011001110 (base 2) in base 15?
c46
235 (base 12) to base 13
1c4
Convert -43 (base 15) to base 12.
-53
What is -1a0c (base 13) in base 3?
-12100102
-3b6a (base 12) to base 9
-10351
-10922 (base 10) to base 13
-4c82
What is -734 (base 16) in base 10?
-1844
Convert -1a28 (base 13) to base 4.
-331101
Convert 194a (base 12) to base 8.
6012
Convert 94b (base 14) to base 3.
2111211
Convert 100023 (base 4) to base 2.
10000001011
Convert 46783 (base 9) to base 13.
112c8
-203 (base 5) to base 12
-45
-e69 (base 16) to base 8
-7151
What is 4b1a (base 12) in base 15?
27cd
-480 (base 10) to base 2
-111100000
What is -1586 (base 10) in base 7?
-4424
Convert -847 (base 13) to base 6.
-10311
Convert -21336 (base 7) to base 10.
-5319
Convert 23512 (base 8) to base 13.
4769
-10101 (base 3) to base 13
-70
Convert -2042232 (base 5) to base 14.
-c5b5
-10100000110 (base 2) to base 8
-2406
What is 1011110101010 (base 2) in base 16?
17aa
-1102122210 (base 3) to base 11
-1a1a0
Convert 3375 (base 10) to base 3.
11122000
Convert -17486 (base 11) to base 12.
-12248
Convert 3795 (base 10) to base 15.
11d0
What is ad8a (base 15) in base 13?
139a2
Convert -2670 (base 9) to base 5.
-31012
Convert -1021121102 (base 3) to base 5.
-1301404
-1442 (base 9) to base 7
-3116
What is 53523 (base 9) in base 7?
205155
Convert -1680 (base 10) to base 7.
-4620
What is -1a2b (base 13) in base 6?
-30100
Convert -14254 (base 11) to base 3.
-1000210121
What is 100111 (base 5) in base 12?
19b0
Convert 2703 (base 12) to base 14.
18b1
111222122 (base 3) to base 7
41504
Convert -3340 (base 7) to base 4.
-102310
Convert -ba3b (base 12) to base 6.
-234515
-45433 (base 8) to base 12
-b163
122510 (base 7) to base 11
15a38
Convert 635 (base 10) to base 15.
2c5
Convert -666 (base 15) to base 13.
-873
Convert -ab03 (base 13) to base 14.
-8984
-6299 (base 13) to base 16
-354e
What is -34 (base 12) in base 15?
-2a
-4773 (base 14) to base 5
-344244
What is 93a6 (base 12) in base 5?
1003420
What is 1101111101001 (base 2) in base 9?
10718
Convert 4533 (base 12) to base 2.
1110111110111
Convert -4014 (base 7) to base 10.
-1383
110000000 (base 2) to base 13
237
2b44 (base 13) to base 16
18a5
Convert -1343 (base 9) to base 14.
-523
What is 992 (base 10) in base 12?
6a8
Convert -112024 (base 5) to base 15.
-12c9
Convert -3672 (base 8) to base 3.
-2201021
Convert 1080 (base 9) to base 6.
3413
What is 1f2 (base 16) in base 4?
13302
Convert -165 (base 8) to base 5.
-432
What is -10122 (base 5) in base 6?
-3022
964b (base 13) to base 9
31536
Convert 1224 (base 7) to base 15.
209
What is 12414 (base 5) in base 16?
3d8
What is -1011100 (base 2) in base 9?
-112
Convert 21636 (base 7) to base 12.
31b6
Convert 1110111111110 (base 2) to base 13.
3658
Convert 4687 (base 13) to base 16.
26b9
What is 6521 (base 9) in base 7?
16663
Convert 104 (base 15) to base 6.
1021
Convert -21201000 (base 3) to base 13.
-2730
Convert 83 (base 11) to base 14.
67
What is -54166 (base 7) in base 10?
-13474
-34cd (base 14) to base 5
-243242
Convert 11022312 (base 4) to base 12.
10306
Convert -452 (base 9) to base 3.
-111202
What is -310310 (base 5) in base 12?
-5a00
Convert -1425544 (base 6) to base 4.
-103323220
Convert 14aa (base 14) to base 16.
e5e
Convert 1112202 (base 4) to base 9.
7533
1101010110 (base 2) to base 8
1526
What is -101010212 (base 3) in base 6?
-54122
Convert 36327 (base 10) to base 3.
1211211110
7b8 (base 14) to base 16
5fe
What is 1020210021 (base 3) in base 15?
7471
-65a (base 13) to base 11
-900
What is -14797 (base 11) in base 8?
-50666
Convert 200 (base 9) to base 2.
10100010
Convert -376 (base 10) to base 14.
-1cc
21212103 (base 4) to base 13
14b83
10178 (base 11) to base 14
55a7
1323 (base 8) to base 9
883
What is 21222 (base 4) in base 2?
1001101010
Convert 27a8 (base 14) to base 8.
15540
Convert 22a (base 13) to base 12.
272
352 (base 9) to base 7
563
-9ec (base 15) to base 3
-10002020
What is -1141 (base 7) in base 11?
-353
2046 (base 7) to base 15
330
1023101 (base 5) to base 4
10031330
What is 105c (base 13) in base 12?
1396
What is -ba2 (base 13) in base 15?
-8cb
What is -16d0 (base 16) in base 7?
-23012
-255a (base 12) to base 8
-10226
What is 473 (base 10) in base 9?
575
What is 111112 (base 3) in base 10?
365
Convert 10224033 (base 5) to base 6.
1502451
What is -1ee (base 16) in base 5?
-3434
-21561 (base 8) to base 9
-13401
Convert -20111222 (base 3) to base 13.
-2216
What is -112 (base 5) in base 8?
-40
-2344 (base 8) to base 14
-656
What is -20303 (base 8) in base 10?
-8387
Convert -121110 (base 7) to base 2.
-101010111111000
Convert 2c02 (base 16) to base 4.
2300002
3f8 (base 16) to base 6
4412
-2322 (base 6) to base 4
-20222
-35b (base 16) to base 2
-1101011011
What is -44a5 (base 11) in base 13?
-2908
Convert -1230 (base 7) to base 5.
-3322
Convert 11001011110 (base 2) to base 4.
121132
What is -11110100001 (base 2) in base 8?
-3641
410123 (base 6) to base 7
163416
What is -4653 (base 7) in base 10?
-1704
Convert -68 (base 11) to base 5.
-244
-100110110000 (base 2) to base 14
-c92
Convert -62aaa (base 11) to base 9.
-148872
What is -44 (base 6) in base 3?
-1001
What is -3131122 (base 5) in base 6?
-1040525
What is -2002220 (base 3) in base 9?
-2086
What is -8dd (base 15) in base 14?
-a36
What is 240 (base 9) in base 10?
198
-23260 (base 7) to base 6
-43351
What is 24d1 (base 15) in base 3?
101202121
What is 21122020 (base 3) in base 2?
1010111000000
What is 46d (base 15) in base 9?
1334
2210 (base 5) to base 10
305
1528 (base 15) to base 9
6202
-13066 (base 7) to base 3
-11202211
-3102 (base 5) to base 15
-1bc
What is -1110111110 (base 2) in base 6?
-4234
20112021 (base 3) to base 13
2221
7672 (base 10) to base 12
4534
Convert -315141 (base 6) to base 3.
-1022100021
-40150 (base 6) to base 15
-1850
Convert 2107 (base 8) to base 15.
4d0
Convert -158c (base 16) to base 6.
-41312
Convert -10883 (base 11) to base 12.
-9104
21122022 (base 3) to base 10
5570
What is 3b2 (base 12) in base 6?
2342
-209 (base 13) to base 12
-24b
What is -135 (base 12) in base 13?
-113
Convert -12111000 (base 3) to base 9.
-5430
What is 170 (base 14) in base 15?
149
5f85 (base 16) to base 2
101111110000101
What is 3432 (base 8) in base 10?
1818
-121212 (base 3) to base 9
-555
-104210 (base 6) to base 5
-234333
What is 532014 (base 6) in base 16?
a8ca
Convert 159cd (base 14) to base 12.
27369
Convert -402 (base 13) to base 6.
-3050
What is -19993 (base 14) in base 3?
-10022011121
46542 (base 8) to base 11
1397a
Convert 31